culate the remainder when 102141 is divided by 4886.
4421
What is the remainder when 151632 is divided by 23?
16
What is the remainder when 105351255 is divided by 366?
351
Calculate the remainder when 171772 is divided by 57055.
607
What is the remainder when 451206 is divided by 45045?
756
Calculate the remainder when 4687204 is divided by 808.
804
What is the remainder when 498616 is divided by 1467?
1303
What is the remainder when 1395817 is divided by 14?
3
Calculate the remainder when 758876398 is divided by 300.
298
Calculate the remainder when 603015 is divided by 150745.
35
What is the remainder when 371428 is divided by 33640?
1388
Calculate the remainder when 4669986 is divided by 4669984.
2
Calculate the remainder when 486785 is divided by 16760.
745
Calculate the remainder when 362485 is divided by 9535.
155
Calculate the remainder when 1797148 is divided by 31.
16
Calculate the remainder when 1197631 is divided by 66.
61
What is the remainder when 1058228 is divided by 352730?
38
Calculate the remainder when 617454276 is divided by 14.
12
What is the remainder when 124194419 is divided by 9?
8
Calculate the remainder when 169557678 is divided by 3427.
3426
Calculate the remainder when 7779977 is divided by 2496.
2441
Calculate the remainder when 976269 is divided by 244064.
13
What is the remainder when 1773415 is divided by 2559?
28
What is the remainder when 79298 is divided by 26235?
593
What is the remainder when 6122106 is divided by 192?
186
What is the remainder when 86117 is divided by 28652?
161
What is the remainder when 48708806 is divided by 45?
41
Calculate the remainder when 41524 is divided by 12627.
3643
What is the remainder when 221892 is divided by 110825?
242
What is the remainder when 175935 is divided by 1746?
1335
Calculate the remainder when 2794254 is divided by 931418.
0
Calculate the remainder when 1675245 is divided by 487.
452
Calculate the remainder when 29356478 is divided by 1104.
14
Calculate the remainder when 57822328 is divided by 544.
24
What is the remainder when 203691 is divided by 8486?
27
Calculate the remainder when 248561 is divided by 527.
344
What is the remainder when 1076226 is divided by 356?
38
Calculate the remainder when 5887384 is divided by 43.
39
What is the remainder when 8427946 is divided by 28962?
4
Calculate the remainder when 7144626 is divided by 1785947.
838
Calculate the remainder when 17487 is divided by 4773.
3168
Calculate the remainder when 449278218 is divided by 18.
0
Calculate the remainder when 46419296 is divided by 239.
238
What is the remainder when 165660028 is divided by 690?
688
Calculate the remainder when 43363 is divided by 521.
120
What is the remainder when 7010 is divided by 2315?
65
Calculate the remainder when 183520 is divided by 2658.
118
What is the remainder when 3664744 is divided by 312?
304
What is the remainder when 7262801 is divided by 21?
14
What is the remainder when 3719 is divided by 1493?
733
What is the remainder when 55367 is divided by 55362?
5
What is the remainder when 910935295 is divided by 5728?
5727
What is the remainder when 3786628 is divided by 715?
703
Calculate the remainder when 3213877 is divided by 2127.
2107
What is the remainder when 319596 is divided by 954?
6
Calculate the remainder when 3232489 is divided by 11.
7
What is the remainder when 17083 is divided by 2836?
67
Calculate the remainder when 63046 is divided by 2219.
914
What is the remainder when 6957107 is divided by 141981?
38
Calculate the remainder when 402061 is divided by 40206.
1
Calculate the remainder when 113974 is divided by 738.
322
Calculate the remainder when 172638 is divided by 9076.
194
What is the remainder when 1044711 is divided by 74615?
101
What is the remainder when 1855826 is divided by 10029?
461
What is the remainder when 143051617 is divided by 47683870?
7
What is the remainder when 2453275 is divided by 15?
10
What is the remainder when 47974039 is divided by 9857?
20
What is the remainder when 306028 is divided by 2258?
1198
What is the remainder when 86268 is divided by 2869?
198
What is the remainder when 265289 is divided by 264898?
391
What is the remainder when 373974 is divided by 888?
126
Calculate the remainder when 20868 is divided by 25.
18
Calculate the remainder when 28378 is divided by 13959.
460
Calculate the remainder when 7661116 is divided by 63.
1
Calculate the remainder when 3041402 is divided by 276489.
23
What is the remainder when 983914 is divided by 70?
64
Calculate the remainder when 4763658 is divided by 6864.
42
What is the remainder when 224956 is divided by 752?
108
Calculate the remainder when 3128687 is divided by 115.
112
Calculate the remainder when 589856 is divided by 1565.
1416
Calculate the remainder when 5999409 is divided by 5050.
9
What is the remainder when 731648 is divided by 2118?
938
Calculate the remainder when 5978867 is divided by 8937.
14
Calculate the remainder when 9172769 is divided by 55.
34
What is the remainder when 857986 is divided by 6?
4
What is the remainder when 25902 is divided by 25601?
301
What is the remainder when 5481448 is divided by 1234?
20
Calculate the remainder when 4369149 is divided by 6.
3
Calculate the remainder when 29068562 is divided by 121.
6
Calculate the remainder when 415799 is divided by 112.
55
What is the remainder when 40679627 is divided by 18?
5
What is the remainder when 91789498 is divided by 15?
13
Calculate the remainder when 1625553 is divided by 341.
6
What is the remainder when 607132 is divided by 151749?
136
Calculate the remainder when 3147429 is divided by 8069.
519
Calculate the remainder when 198379 is divided by 3738.
265
Calculate the remainder when 84902 is divided by 266.
48
What is the remainder when 130102 is divided by 327?
283
What is the remainder when 20629978 is divided by 84?
82
What is the remainder when 25309 is divided by 2952?
1693
Calculate the remainder when 613709 is divided by 30.
29
Calculate the remainder when 1721665205 is divided by 519.
518
Calculate the remainder when 409122 is divided by 4758.
4692
Calculate the remainder when 17946855 is divided by 299113.
75
Calculate the remainder when 1929670 is divided by 176.
6
What is the remainder when 127427 is divided by 31852?
19
What is the remainder when 11769 is divided by 1122?
549
Calculate the remainder when 1553189 is divided by 110942.
1
What is the remainder when 421355 is divided by 1340?
595
Calculate the remainder when 83386796 is divided by 23.
20
What is the remainder when 5449001 is divided by 3345?
3341
What is the remainder when 4030013 is divided by 12400?
13
What is the remainder when 90292 is divided by 5004?
220
What is the remainder when 508507 is divided by 219?
208
What is the remainder when 2116883 is divided by 1328?
51
What is the remainder when 9414898 is divided by 722?
18
What is the remainder when 10308583 is divided by 7751?
7504
What is the remainder when 190453630 is divided by 24?
22
What is the remainder when 3500281 is divided by 881?
68
What is the remainder when 228268 is divided by 56691?
1504
Calculate the remainder when 193099159 is divided by 108727.
7
Calculate the remainder when 1525784 is divided by 1108.
68
Calculate the remainder when 69748599 is divided by 669.
666
Calculate the remainder when 11295288 is divided by 5647613.
62
What is the remainder when 281728068 is divided by 27?
24
What is the remainder when 7270 is divided by 2125?
895
What is the remainder when 23059212 is divided by 45?
42
Calculate the remainder when 68492 is divided by 9726.
410
What is the remainder when 121652 is divided by 1622?
2
What is the remainder when 1707472 is divided by 1054?
1046
What is the remainder when 86564140 is divided by 354771?
16
Calculate the remainder when 66221 is divided by 1441.
1376
Calculate the remainder when 258095 is divided by 1312.
943
Calculate the remainder when 173359 is divided by 110.
109
Calculate the remainder when 79150617 is divided by 38.
37
What is the remainder when 165977 is divided by 11?
9
What is the remainder when 787642 is divided by 37?
23
Calculate the remainder when 7173 is divided by 933.
642
Calculate the remainder when 882330 is divided by 14.
8
Calculate the remaind